e the prime factors of (30/12)/((1*q)/52)?
5, 13
Suppose -11*n = -10*n + a - 7485, 5*n - 2*a - 37383 = 0. List the prime factors of n.
3, 277
Let w be 1*(-112)/4 + -2. Let p = w - -40. Suppose -3*a - 28 = -p*a. What are the prime factors of a?
2
Let v(s) = 70*s - 121*s - s**3 - 7 + 59*s - 7*s**2. Let i be v(-9). Let l = i + 54. List the prime factors of l.
137
Let s(a) = -22*a**2 + 69*a**2 + 9*a**2 + 13 + 6*a. List the prime factors of s(-4).
3, 5, 59
Let i(t) = 33*t**2 - 79*t - 791. List the prime factors of i(-34).
23, 1741
Let c(z) = z**3 + 14*z**2 - 26*z - 8. Let t be c(-11). Let y = t + -242. List the prime factors of y.
3, 7, 19
Let m(g) = 74*g**2 + 3*g + 6. Let t = -1 + -1. Let r be m(t). Suppose 10*k = 12*k - r. List the prime factors of k.
2, 37
Suppose 0 = 26*g - 260556 - 250396. What are the prime factors of g?
2, 17
Suppose 11*v = -9*v + 160. Let j(o) = -14*o + 15. Let w(s) = -14*s + 14. Let p(t) = -3*j(t) + 2*w(t). What are the prime factors of p(v)?
5, 19
Let q(u) = u - 1. Suppose 0*h = -3*x - 5*h + 10, 2*h - 18 = -4*x. Let z be q(x). Suppose -2*t + 264 = 3*i, -z*t = t - 2*i - 660. List the prime factors of t.
2, 3, 11
Let y(u) = -2*u**2 - 6*u - 11. Let g be y(-9). Let v = 119 + g. Suppose v = 3*h + 5*j - 729, -j - 241 = -h + 10. List the prime factors of h.
2, 31
Let j(n) = -3*n**2 + 16*n - 35. Let t(m) = -m**2 - m - 1. Let r(l) = -j(l) - 2*t(l). List the prime factors of r(5).
2, 23
Suppose 0 = 4*o - 5*x + x - 1588, 3*x - 1553 = -4*o. Let t = o - 168. What are the prime factors of t?
2, 7
Suppose -4757 = -u - 18*b + 22*b, 4*b = -2*u + 9454. What are the prime factors of u?
3, 1579
Let o = -2 - -20. Let p be (-14)/(-5)*45/o. Suppose s + p*s = 592. List the prime factors of s.
2, 37
Let h(y) = 117*y**2 + 3*y + 2. Let u be (-114)/(-8) - (-10)/(-40). Suppose 8*j - 4*j + 1 = -i, u = j + 5*i. List the prime factors of h(j).
2, 29
Let q = -166 - -297. Suppose -2*l + 210 = 5*h, l - q = -0*l + 4*h. What are the prime factors of l?
5, 23
Let r(y) = 24*y - 181. Let o = 180 - 142. List the prime factors of r(o).
17, 43
What are the prime factors of (-5031 + 1)/((-15)/15) + -9?
5021
Suppose 4*k - 9*y = -5*y + 4248, -3*k - 5*y = -3186. Suppose -a + 3*z = -354, -2*a - 5*z - k = -5*a. What are the prime factors of a?
2, 3, 59
Suppose -2*x + 28493 = -1355. What are the prime factors of x?
2, 7, 13, 41
Suppose 47*d - 579063 = -14889 + 1458988. List the prime factors of d.
2, 21523
Suppose -q = 3*q - 8, s - 203 = 4*q. Suppose h = -0*h + s. What are the prime factors of h?
211
Let w be (-2)/(-4)*0/(-18). Suppose -a + w*a + 799 = 0. List the prime factors of a.
17, 47
Suppose -t + 0*t = -4*v - 528, -2*t - 5*v + 1030 = 0. Suppose -8*l = 80 - t. Suppose -4*q + 259 - l = 0. List the prime factors of q.
3, 17
Suppose 29024 = 5*p + w, -4*w - 17448 = -3*p - 29. What are the prime factors of p?
3, 5, 43
Suppose 2*s = 3*r - 15582 - 4157, s - 26315 = -4*r. What are the prime factors of r?
3, 17, 43
Let q be 12*1*-2*(-9)/(-24). Let n(l) = 3*l**2 + 12*l + 17. List the prime factors of n(q).
2, 19
Let z(t) = 63*t**2 + 228*t - 30. List the prime factors of z(-24).
2, 3, 7, 733
Let u = -67 + 72. Suppose -194 = u*b - 1414. What are the prime factors of b?
2, 61
Let p(l) = -18*l + 9. Let k = -21 - -13. Let q be p(k). Suppose -g = -4*g + q. What are the prime factors of g?
3, 17
Suppose 12*k - 10*k = s + 2685, -2*s = -3*k + 4026. List the prime factors of k.
2, 3, 7
Let a(h) = -h**3 - 4*h**2 - 4*h + 2. Let f = -24 + 22. Let n be a(f). Suppose 5*i - 601 = -0*d + 2*d, -n*d = 4*i - 470. List the prime factors of i.
7, 17
Let s = -34282 + 55114. List the prime factors of s.
2, 3, 7, 31
Let t = 317 - 235. Suppose 3*n - t = 797. List the prime factors of n.
293
Suppose 22154 = 7*q - 46033. List the prime factors of q.
3, 17, 191
Suppose -251580 = -44*h - 24452. List the prime factors of h.
2, 29, 89
Suppose 0 = -3*j - 7 - 416. Suppose 0 = -5*b - 7 - 308. Let f = b - j. What are the prime factors of f?
2, 3, 13
Let f be ((-25)/10)/(-5) + 12/8. Suppose -3*u + 1268 = -2*u + f*l, -3*u + 3844 = -2*l. List the prime factors of u.
2, 3, 71
Suppose 0 = -3*l, 0 = -2*j - 3*j + 3*l + 20. Suppose 386 = -j*t + 8*t + 5*p, 0 = -5*p + 10. Let d = t + -54. What are the prime factors of d?
2, 5
Let m = -2464 + 1335. Let k = m - -3182. List the prime factors of k.
2053
Suppose 4*y = 3*l, 4*y - 38 = -3*l - 14. Suppose 0 = y*m + j - 14, -2*m - 3*m + 5*j = -50. Suppose m*c - c - 130 = 0. List the prime factors of c.
2, 13
Suppose 12*r + 690156 = 38*r + 31*r. List the prime factors of r.
2, 3, 1009
Let f(k) = -16*k + 3617. List the prime factors of f(29).
3, 1051
Let w(c) = -125*c - 171. What are the prime factors of w(-23)?
2, 13
Suppose -104*i - 5*f = -99*i - 142530, -f + 114030 = 4*i. What are the prime factors of i?
2, 7127
Let o be -4*(-25)/10*3/15. Suppose o = 6*g - 484. What are the prime factors of g?
3
List the prime factors of (56/(-196))/((-8)/742)*324/6.
3, 53
Let d(k) = 418*k - 54. Let i be d(3). Let s = 7 + -3. List the prime factors of (8/(-6))/(s*(-4)/i).
2, 5
Let g = 41828 - 25748. What are the prime factors of g?
2, 3, 5, 67
Let z(a) = -a**3 + 8*a**2 + 11*a - 15. Let m be z(9). Suppose -m*x = -155 - 145. List the prime factors of x.
2, 5
Let j be ((-4)/(-8))/(((-12)/16)/(-3)). Let r be 18/j*100/24*-10. Let a = r + 543. What are the prime factors of a?
2, 3, 7
Suppose -8*n - 45*n = 17*n - 1382430. What are the prime factors of n?
3, 29, 227
List the prime factors of (-16)/28*(-10 + 398670/(-40))*2.
2, 5701
Let u(t) = t**2 + 15*t + 40. Let s be u(-12). Let h = s - 2. Suppose -64 - 511 = -5*l - 5*o, h*o = 0. What are the prime factors of l?
5, 23
Let k(i) be the second derivative of -29*i - 15/2*i**2 + 13/6*i**3 + 0. List the prime factors of k(4).
37
Let x = -52 - -46. What are the prime factors of (x/(-2))/((-6)/(-676))?
2, 13
Suppose -853 = -7*l + 10032. Let g = l + -618. What are the prime factors of g?
937
Suppose 3*z = 4*j - 20, 10 = 3*j - z - 0. Suppose 4*u + 1096 = j*c - 1470, -u - 5111 = -4*c. List the prime factors of c.
1277
Let l(k) = -2*k + 42. Let o be l(11). Let g be o/(-105)*3*-7. Suppose -4 = g*p, 175 = 2*z + 6*p - 7*p. List the prime factors of z.
3, 29
Let v(k) = 8*k**2 - 12*k - 43. Let n be v(6). Suppose 4*f - n + 137 = 0. What are the prime factors of f?
3
Let j(t) = -2*t**3 - 8*t**2 + 2*t + 37. Let v be j(-9). Suppose -1075 = -14*l + v. List the prime factors of l.
2, 17
Let p(h) = -73*h**3 - 2*h**2 + h + 2. Let k = -26 + 35. Let m be (-4)/(-6) + -4 + 21/k. What are the prime factors of p(m)?
2, 3
Let u be 563 - (-2 - (-5)/1). Suppose -841 = 3*g + 2*f, 3*g - f - u = 5*g. Let h = -145 - g. List the prime factors of h.
2, 67
Let l(z) = -9*z**3 + 7*z**2 - 51*z - 533. What are the prime factors of l(-11)?
2, 6427
Let w(n) = 2*n - 13. Let g be w(9). Suppose 2*i - 3*l + 302 = 933, g*i = 3*l + 1564. List the prime factors of i.
311
Suppose -5671 = -o - 4*u, -5*o - 5*u + 16958 + 11397 = 0. What are the prime factors of o?
53, 107
Let i be (247/57)/(1*2/(-12)). Let t = -8 - i. Suppose 0 = s - t - 26. What are the prime factors of s?
2, 11
Let j(u) = 552*u + 53. Let n be j(4). Suppose -w = 3*q - 1333, -5*q - 5*w + n - 26 = 0. List the prime factors of q.
443
Let h be (-4)/32 + (-33)/(-8) + -1. Suppose 87 = -h*b + 579. Suppose -2*d + t + 252 + 121 = 0, d = -4*t + b. List the prime factors of d.
2, 23
Let t(h) = -160*h + 9. Let g = 225 + -115. Let a = g + -111. What are the prime factors of t(a)?
13
Let n(d) = 3*d**3 - 13*d**2 + 6*d - 1. Let c be n(5). Let k = c + 78. List the prime factors of k.
157
Let s be (-18)/(-6)*921/9. Suppose 4*g + 331 = -3*b, -3*g - s = 3*b - 5*g. Let y = b + 185. List the prime factors of y.
2, 5
Let y be (-1 + 0)*6*1/3. Let n be (-6)/y*4/3. Suppose n*i + 94 = 5*i. What are the prime factors of i?
2, 47
Let g = -168 - -720. Suppose 8*r - g = -3*q + 3*r, -2*q + 3*r = -368. Let j = 354 - q. List the prime factors of j.
2, 5, 17
Let r(y) = -y**3 - 13*y**2 + 4*y + 25. Let g be 10 + -8 - (-1 + 4). Let m(c) = c**3 - c**2 + c. Let d(x) = g*r(x) - 2*m(x). List the prime factors of d(14).
3, 29
Let s(f) = 271*f**2 - 24*f - 182. What are the prime factors of s(-9)?
5, 4397
Suppose 40324 = -21*t + 114412. List the prime factors of t.
2, 3, 7
Let x